-56). Calculate m(d).
17
Let s(f) = -6*f**2 - f + 2. Let i = 15 - 10. Suppose 2*l + 2 = 0, -3*l = -x + 5*x - i. Give s(x).
-24
Let c(u) = 2*u**2 + 29*u + 41. Let b be c(-13). Let i(r) = -r**3 + 3*r**2 - r - 1. What is i(b)?
1
Let w(y) = -2*y - 5. Let p(q) = 5*q + 13. Let l(h) = -3*p(h) - 8*w(h). What is l(5)?
6
Suppose -15 = 5*i + 25*z - 29*z, 0 = -i + 4*z - 3. Let t(v) = -v**2 + 4*v - 2. Let d(q) = -6*q**2 + 21*q - 10. Let w(g) = -2*d(g) + 11*t(g). What is w(i)?
1
Let p = 40 + -7. Suppose 0 = -3*i + 2*u - p + 2, i = 4*u - 27. Let t(y) = -y - 11. Give t(i).
-4
Let f(d) = 2*d - 2. Suppose q = 2*x + 24, -x + 6*x = 0. Suppose -5*g - q = -2*g. Let v = 4 + g. What is f(v)?
-10
Let q(r) = 19*r - 9. Let u(w) = -8*w + 4. Let j(f) = -3*q(f) - 7*u(f). Give j(-3).
2
Let t(v) be the third derivative of -v**5/120 - v**4/6 - 5*v**3/3 + v**2. Let k(x) be the first derivative of t(x). What is k(-6)?
2
Let t(g) = 560*g + 5 - 559*g + 9 - 2. Calculate t(-9).
3
Let a(c) = -c**3 - 2*c**2 - 6*c + 4. Let l(r) = 3*r**3 + 9*r**2 + 22*r - 16. Let o(z) = 11*a(z) + 3*l(z). Give o(4).
-52
Let g(w) = w - 27. Let r = -978 + 1005. What is g(r)?
0
Suppose 0 = -4*h - 1 - 3. Let n(q) = 5*q - 9. Let d(r) = 5. Let f(u) = 2*d(u) + n(u). Calculate f(h).
-4
Let i(r) = 49*r + 11. Let p(q) = -23*q - 5. Let m(o) = 6*i(o) + 13*p(o). Suppose 5*s - 14 = -4. Calculate m(s).
-9
Let w = 1556 - 251. Let x be (-2)/7 - w/(-35). Let b(z) = 2 + 36*z + z**2 - 2*z**2 - x*z. What is b(0)?
2
Let x(q) = -q**3 - 5*q**2 - 4*q + 5. Let j(f) be the first derivative of 43*f**2/2 - 2*f + 5. Let d be j(2). Let s be (-16)/88 + d/(-22). Give x(s).
5
Let z(y) = y**3 + 8*y**2 + 6*y. Let c(s) = -s**3 + s**2 + 4*s - 1. Let b be ((-6)/9)/(20/(-90)). Let k be c(b). What is z(k)?
7
Let v be (-3)/(-15) + 33/(-15). Let z = 2 - v. Let x(d) = -d + z - 7 + 3. Give x(6).
-6
Let q(w) = -w**3 - 5*w**2 - 4*w + 3. Suppose 4*m - 12 = 4*z, 0*z = -4*m + z - 3. Let o be -2*-1*(-7)/m. Suppose 9 + o = -4*d. Calculate q(d).
3
Let f(l) be the first derivative of l**4/2 - l**3/3 - l**2/2 - 3. Let w(x) = -x**2 - x. Let p be w(-1). Let r(a) = -a + 2. Let i be r(p). Determine f(i).
10
Suppose q + 2*q = 0. Let c(j) = 0*j**2 + 0*j**2 - 82*j + 44*j + j**3 + 37*j - j**2 - 7. Calculate c(q).
-7
Let x(k) = 3*k**2 - 3*k. Suppose -2*w - 5*q = 13, 4*w + 7*q - 9*q + 14 = 0. Let n(z) = -z**2 - z. Let p(y) = w*n(y) + x(y). Give p(1).
8
Let u(g) be the first derivative of -g**3/3 - 3*g**2 + 6*g - 90. Calculate u(-5).
11
Let g(z) = 0*z - z + 187*z**2 + 4*z - 186*z**2. Let k = -6 + 3. Let x be 15/(k + 0) - -1. Give g(x).
4
Suppose 51 = 6*m + 33. Let l(i) be the second derivative of -1/12*i**4 + 0 + 3*i - 1/20*i**5 + 1/2*i**2 + 1/3*i**m. Determine l(-2).
1
Let d(x) = 5*x + 18. Let u(o) = 9*o + 32. Let a(r) = 11*d(r) - 6*u(r). Let j(v) = -v + 7. Let b be j(7). Give a(b).
6
Let o(a) = 3*a**3 - 3*a**2 - a - 6. Let v(g) = 7*g**3 - 7*g**2 - 3*g - 12. Let k(n) = 5*o(n) - 2*v(n). Suppose -7*h = -4*h. Determine k(h).
-6
Let a(m) = -25*m + 2 - 20*m + 42*m. Let k = 8 + -13. Let n = 2 + k. Calculate a(n).
11
Let q be ((-2)/6)/((-1)/(-9)). Let g be 285/25 - q/5. Suppose 2*d - 4*d = -g. Let b(n) = n**3 - 7*n**2 + 4*n + 4. Determine b(d).
-8
Let y be -2 + (4 + 6 - -3). Suppose 4*z = 2*x - 12, -z = -4*x - 6*z + y. Let m(t) = -1 + 4*t + x*t + t - 4*t. Calculate m(2).
9
Let w(v) = v + 8. Let i(p) = -p - 10. Let m(d) = i(d) + 2*w(d). Determine m(-9).
-3
Suppose 2*q = q + 3*q. Suppose -9*g + 10*g - 2 = q. Let l(k) = k**2 + k - 1. Determine l(g).
5
Let z(f) = 891 - 3*f - 2674 + 891 + 890 + f**2. Let k = 5 - 2. Determine z(k).
-2
Let k(g) = -3*g**2 + 4 - 3*g + 2*g**2 + 0. Let n = 5543 + -5548. What is k(n)?
-6
Let v(y) = y**3 + 7*y**2 + 6*y + 4. Let f = 78 + -63. Suppose -20*z + 23*z + f = 0. Calculate v(z).
24
Let d(b) = -b**3 + 4*b**2 + 3*b + 2. Let t = -57 - -61. Give d(t).
14
Let z be (82/164)/((-1)/(-28)). Let q(f) = -f**2 + 16*f - 13. Calculate q(z).
15
Let f(d) = 5 - 4*d**2 - 2 - 2*d + 0. Let s be (10/(-6))/(((-124)/(-24) - 2) + -4). What is f(s)?
-17
Let h(p) = -p**2 + 7*p + 4. Let x = 199 - 87. Let d = x - 106. What is h(d)?
10
Let h(r) = -r**2 - 8*r - 3. Let a = 968 + -972. Give h(a).
13
Let p(d) = d - 6*d + 2*d - 1 - d**3. Suppose -75 - 9 = 4*n. Let s = 19 + n. Determine p(s).
13
Let n = 25 - 21. Suppose -2*f + 2*w = -f - n, -f = 5*w + 3. Suppose 0 = f*o + 1 - 3. Let j(m) = -m - 1. Give j(o).
-2
Let m(c) = -7*c - 5. Let r(z) = 5*z + 4. Let y(q) = -3*m(q) - 4*r(q). Suppose a - 4 = -3*n, 4*a - a = 5*n - 30. Give y(n).
2
Let z(n) be the third derivative of -7*n**6/40 - n**5/20 + n**4/6 - n**3/3 + 555*n**2. Give z(1).
-22
Let s(i) = -i + 1. Let v(m) = -4*m - 2. Let f(t) = 3*s(t) + v(t). Let r = -3 - -6. Let u(q) = q**3 - 3*q**2 + q - 4. Let d be u(r). Calculate f(d).
8
Suppose 0 = -5*h + 4*g + 4, 3*g + 5 = -2*g. Let l(t) be the second derivative of -1/12*t**4 - 7/6*t**3 - 2*t - 9/2*t**2 + h. Give l(-6).
-3
Suppose 2*v + 3 - 5 = 0. Let p(n) = 2*n**3 + 7*n**2 + 2*n. Let z(j) = j**3 + j**2 + j. Let b(h) = v*p(h) - 3*z(h). Calculate b(3).
6
Let m(l) be the second derivative of l**5/20 + l**4/6 - l**3/3 - 2*l - 68. Calculate m(-3).
-3
Let q(m) = 15*m - 1. Let t = -236 + 237. What is q(t)?
14
Let y(x) be the first derivative of -x**4/12 - x**3/3 - x**2/2 - x - 1. Let w(c) be the first derivative of y(c). Let u = -1 - 3. Determine w(u).
-9
Let h be 1547/42 - (-1)/6. Let g = h - 32. Suppose 0 = d - 4*f - 5, g*d - 12 + 2 = 5*f. Let n(w) = 15*w + 1. Give n(d).
16
Let y(r) = 2*r - 18. Let t be y(6). Let a(f) = -15 + 7*f**2 + 4*f + f**3 + 17 - 8. Calculate a(t).
6
Let a be 7 - -2*(-4 - -3). Let l(y) = y**2 + 2*y + 7. Let m(o) = -1. Let g(b) = -l(b) - 6*m(b). Let f(s) be the first derivative of g(s). Give f(a).
-12
Let y(s) = s**3 - 3*s**2 - 8*s + 2. Let o(a) = -a**3 + 2*a**2 + 10*a - 2. Let z(f) = 4*o(f) + 5*y(f). Give z(7).
2
Suppose -b + 14 = -4*i, -3*b = -b - 2*i - 10. Let h(v) = -2*v - 10*v**b + 4 + 5*v + 9*v**2 - 4*v. Determine h(3).
-8
Suppose 6*t - 11 - 1 = 0. Let p be 4*((-17)/(-4) + -3). Let z(n) = -3 - 3 + n**3 + 0*n**2 - 3*n**t + p. Determine z(4).
15
Let p(l) = -l + 3. Let h be p(0). Let m(w) be the first derivative of h*w**2 - w - 14 + 9 + 15 - 2*w**2. Calculate m(-2).
-5
Let n be (33 - 31)/(-1 - (-18)/14). Let h(b) = -b**2 + 4*b + 8. Give h(n).
-13
Let y(v) = -v**3 + 5*v**2 - 3*v. Let r(s) = 24*s - 20. Let g be r(1). Determine y(g).
4
Let p = 63 + -61. Suppose -1 + 3 = p*x. Let s(v) = -3*v**2 + v. Determine s(x).
-2
Let i(j) = -j**3 - 2*j**2 + 5*j + 3. Let z be i(-3). Let f(r) = -6*r**2 - 9*r + 16. Let g(a) = -4*a**2 - 6*a + 11. Let m(l) = 5*f(l) - 7*g(l). Calculate m(z).
-6
Let b(n) = -3*n. Let f = 275 + -277. Give b(f).
6
Let a(k) be the first derivative of -k**2/2 - k - 459. Give a(5).
-6
Let i(s) = 2*s**3 - 18*s**2 - 72*s - 1. Let g be i(12). Let a(w) = -11*w**2 + w + 1. What is a(g)?
-11
Let w(c) be the third derivative of -c**6/120 + 11*c**5/60 - c**4/12 + c**3/6 - 3*c**2 - 166*c. Give w(11).
-21
Let k(a) = 8*a**2 + 10*a - 46. Let r(o) = 3*o**2 + 6*o - 23. Let b(j) = -2*k(j) + 5*r(j). Calculate b(8).
-7
Let u(o) = 0 + 8 - 3 - 10 + o - 8. Calculate u(-3).
-16
Let r(w) = -8 - 8 - 5*w - 4*w - 4 + 4*w. Determine r(-4).
0
Let x(u) = 4 + 2 - u**2 - 1 + 224*u - 216*u. Let l = -9 - -17. Let w be x(l). Let p(z) = z**2 - 4*z - 7. Give p(w).
-2
Let k(a) = 11*a**3 - a**2 - 12*a + 32. Let y(w) = -5*w**3 + w**2 + 6*w - 15. Let o(c) = 4*k(c) + 9*y(c). Let r(l) = -l + 1. Let v be r(-5). What is o(v)?
-7
Let a(f) = 8*f - 1. Suppose -100 = -3*y - 7*y. Suppose 4*c - 17 = s, 5*s - 5*c + 15 = -y. Determine a(s).
-9
Let u(m) = -m + 1. Let h(r) = r + 4 - 5 - 1. Let w(f) = h(f) + 2*u(f). Suppose -5*q = -x - 18, -2 = 4*q - 14. Give w(x).
3
Let g be 4/14 - 270/(-35). Let v = g + -4. Let i(n) = n - 4*n**2 + 5*n - 2 + 3*n**2. What is i(v)?
6
Let z(m) = m**3 + 15*m**2 + 14*m + 2. Suppose 4*o + 4*p + 76 = 0, -1 = p + 4. Give z(o).
2
Suppose -5*x - 3*r = 2, 0 = x + 4*x + 4*r + 6. Suppose -g - 3 = -2*v - x*v, -5*v - 3*g = -25. Let a(c) = 4*c - c**2 - 5*c**2 - 4 + 5*c**v. Give a(4).
-4
Let u = -527 - -512. Let g(i) = -i**2 - 14*i + 9. Give g(u).
-6
Let y be 6/(5*2/5). Let h(l) = l**2 + 4*l + 14. Let u(x) = -x - 1. Let m(z) = y*u(z) + h(z). Calculate m(0).
11
Let x(r) = -r**3 + 89*r + 2 -